{"id":900901,"date":"2026-06-28T00:00:00","date_gmt":"2026-06-28T00:00:00","guid":{"rendered":"https:\/\/www.moensmeubelen.be\/product\/56860stb-fr_be\/"},"modified":"2026-06-29T00:43:31","modified_gmt":"2026-06-28T22:43:31","slug":"56860STB-fr_BE","status":"publish","type":"product","link":"https:\/\/www.moensmeubelen.be\/fr\/produit\/56860STB-fr_BE\/","title":{"rendered":"Arvada, Table \u00e0 manger 250 x 110 cm, ellipse, 4 pieds &#8211; Steel Brown"},"content":{"rendered":"<p>Vous recherchez une grande table aux lignes douces ? La table ARVADA de 250 x 110 cm est dot\u00e9e d\u2019un plateau elliptique en ch\u00eane massif laqu\u00e9 coloris natural. Le veinage visible du bois lui conf\u00e8re un caract\u00e8re robuste et naturel. Cette version repose sur un pi\u00e9tement 4 pieds en coloris steelbrown. Le pi\u00e9tement est \u00e9galement disponible dans les coloris off-black, graphite et cr\u00e8me.<\/p>\n","protected":false},"excerpt":{"rendered":"<p>Arvada, Table \u00e0 manger 250 x 110 cm, ellipse, 4 pieds &#8211; Steel Brown<\/p>\n","protected":false},"featured_media":1012998,"comment_status":"open","ping_status":"open","template":"","meta":{"_relevanssi_hide_post":"","_relevanssi_hide_content":"","_relevanssi_pin_for_all":"","_relevanssi_pin_keywords":"","_relevanssi_unpin_keywords":"","_relevanssi_related_keywords":"","_relevanssi_related_include_ids":"","_relevanssi_related_exclude_ids":"","_relevanssi_related_no_append":"","_relevanssi_related_not_related":"","_relevanssi_related_posts":"","_relevanssi_noindex_reason":""},"product_brand":[],"product_cat":[1315],"product_tag":[],"class_list":["post-900901","product","type-product","status-publish","has-post-thumbnail","product_cat-eettafels_fr_BE","first","onbackorder","sale","taxable","shipping-taxable","purchasable","product-type-simple"],"_links":{"self":[{"href":"https:\/\/www.moensmeubelen.be\/fr\/wp-json\/wp\/v2\/product\/900901","targetHints":{"allow":["GET"]}}],"collection":[{"href":"https:\/\/www.moensmeubelen.be\/fr\/wp-json\/wp\/v2\/product"}],"about":[{"href":"https:\/\/www.moensmeubelen.be\/fr\/wp-json\/wp\/v2\/types\/product"}],"replies":[{"embeddable":true,"href":"https:\/\/www.moensmeubelen.be\/fr\/wp-json\/wp\/v2\/comments?post=900901"}],"wp:featuredmedia":[{"embeddable":true,"href":"https:\/\/www.moensmeubelen.be\/fr\/wp-json\/wp\/v2\/media\/1012998"}],"wp:attachment":[{"href":"https:\/\/www.moensmeubelen.be\/fr\/wp-json\/wp\/v2\/media?parent=900901"}],"wp:term":[{"taxonomy":"product_brand","embeddable":true,"href":"https:\/\/www.moensmeubelen.be\/fr\/wp-json\/wp\/v2\/product_brand?post=900901"},{"taxonomy":"product_cat","embeddable":true,"href":"https:\/\/www.moensmeubelen.be\/fr\/wp-json\/wp\/v2\/product_cat?post=900901"},{"taxonomy":"product_tag","embeddable":true,"href":"https:\/\/www.moensmeubelen.be\/fr\/wp-json\/wp\/v2\/product_tag?post=900901"}],"curies":[{"name":"wp","href":"https:\/\/api.w.org\/{rel}","templated":true}]}}

Arvada, Table à manger 250 x 110 cm, ellipse, 4 pieds &#8211; Steel Brown

<p>Vous recherchez une grande table aux lignes douces ? La table ARVADA de 250 x 110 cm est dotée d’un plateau elliptique en chêne massif laqué coloris natural. Le veinage visible du bois lui confère un caractère robuste et naturel. Cette version repose sur un piétement 4 pieds en coloris steelbrown. Le piétement est également disponible dans les coloris off-black, graphite et crème.</p>

<p>Arvada, Table à manger 250 x 110 cm, ellipse, 4 pieds &#8211; Steel Brown</p>
