{"id":901005,"date":"2026-06-28T00:00:00","date_gmt":"2026-06-28T00:00:00","guid":{"rendered":"https:\/\/www.moensmeubelen.be\/product\/56864rob-fr_be\/"},"modified":"2026-06-29T00:45:33","modified_gmt":"2026-06-28T22:45:33","slug":"56864ROB-fr_BE","status":"publish","type":"product","link":"https:\/\/www.moensmeubelen.be\/fr\/produit\/56864ROB-fr_BE\/","title":{"rendered":"Arvada, table de bar 125 cm, ronde, 4 pieds &#8211; Rough off black"},"content":{"rendered":"<p>Apportez une touche de renouveau \u00e0 votre espace repas avec cette table de bar de la collection ARVADA. Son plateau rond de 125 cm cr\u00e9e une atmosph\u00e8re ouverte et offre beaucoup de place pour s\u2019installer tout autour. Le plateau est r\u00e9alis\u00e9 en ch\u00eane massif laqu\u00e9 coloris natural. Le veinage du bois visible lui conf\u00e8re un caract\u00e8re robuste et naturel. Cette version repose sur un pi\u00e9tement m\u00e9tallique 4 pieds en coloris off-black. Le pi\u00e9tement est \u00e9galement disponible dans les coloris graphite, cr\u00e8me et steelbrown.<\/p>\n","protected":false},"excerpt":{"rendered":"<p>Arvada, table de bar 125 cm, ronde, 4 pieds &#8211; Rough off black<\/p>\n","protected":false},"featured_media":1013128,"comment_status":"open","ping_status":"open","template":"","meta":{"_relevanssi_hide_post":"","_relevanssi_hide_content":"","_relevanssi_pin_for_all":"","_relevanssi_pin_keywords":"","_relevanssi_unpin_keywords":"","_relevanssi_related_keywords":"","_relevanssi_related_include_ids":"","_relevanssi_related_exclude_ids":"","_relevanssi_related_no_append":"","_relevanssi_related_not_related":"","_relevanssi_related_posts":"","_relevanssi_noindex_reason":""},"product_brand":[],"product_cat":[1314],"product_tag":[],"class_list":["post-901005","product","type-product","status-publish","has-post-thumbnail","product_cat-bartafels_fr_BE","first","onbackorder","sale","taxable","shipping-taxable","purchasable","product-type-simple"],"_links":{"self":[{"href":"https:\/\/www.moensmeubelen.be\/fr\/wp-json\/wp\/v2\/product\/901005","targetHints":{"allow":["GET"]}}],"collection":[{"href":"https:\/\/www.moensmeubelen.be\/fr\/wp-json\/wp\/v2\/product"}],"about":[{"href":"https:\/\/www.moensmeubelen.be\/fr\/wp-json\/wp\/v2\/types\/product"}],"replies":[{"embeddable":true,"href":"https:\/\/www.moensmeubelen.be\/fr\/wp-json\/wp\/v2\/comments?post=901005"}],"wp:featuredmedia":[{"embeddable":true,"href":"https:\/\/www.moensmeubelen.be\/fr\/wp-json\/wp\/v2\/media\/1013128"}],"wp:attachment":[{"href":"https:\/\/www.moensmeubelen.be\/fr\/wp-json\/wp\/v2\/media?parent=901005"}],"wp:term":[{"taxonomy":"product_brand","embeddable":true,"href":"https:\/\/www.moensmeubelen.be\/fr\/wp-json\/wp\/v2\/product_brand?post=901005"},{"taxonomy":"product_cat","embeddable":true,"href":"https:\/\/www.moensmeubelen.be\/fr\/wp-json\/wp\/v2\/product_cat?post=901005"},{"taxonomy":"product_tag","embeddable":true,"href":"https:\/\/www.moensmeubelen.be\/fr\/wp-json\/wp\/v2\/product_tag?post=901005"}],"curies":[{"name":"wp","href":"https:\/\/api.w.org\/{rel}","templated":true}]}}

<p>Apportez une touche de renouveau à votre espace repas avec cette table de bar de la collection ARVADA. Son plateau rond de 125 cm crée une atmosphère ouverte et offre beaucoup de place pour s’installer tout autour. Le plateau est réalisé en chêne massif laqué coloris natural. Le veinage du bois visible lui confère un caractère robuste et naturel. Cette version repose sur un piétement métallique 4 pieds en coloris off-black. Le piétement est également disponible dans les coloris graphite, crème et steelbrown.</p>
