{"id":901916,"date":"2026-06-26T00:00:00","date_gmt":"2026-06-26T00:00:00","guid":{"rendered":"https:\/\/www.moensmeubelen.be\/product\/50766bei-fr_be\/"},"modified":"2026-06-26T11:46:29","modified_gmt":"2026-06-26T09:46:29","slug":"50766BEI-fr_BE","status":"publish","type":"product","link":"https:\/\/www.moensmeubelen.be\/fr\/produit\/50766BEI-fr_BE\/","title":{"rendered":"Alcona, canap\u00e9 en U arrondi \u00e0 gauche &#8211; tissu Vada &#8211; beige"},"content":{"rendered":"<p>Vous imaginez-vous d\u00e9j\u00e0 en train de vous d\u00e9tendre avec toute la famille sur cette m\u00e9ridienne incluant un canap\u00e9 3 places + ottomane \u00e0 gauche ? Ce must-have de la s\u00e9rie Alcona offre tout ce dont vous avez besoin : style, confort et fonctionnalit\u00e9. Le design moderne avec ses formes rondes \u00e9l\u00e9gantes s\\&#8217;int\u00e8gre parfaitement dans tous les int\u00e9rieurs. Ce canap\u00e9 est recouvert de tissu Vada de couleur beige. Gr\u00e2ce \u00e0 la suspension nosag, vous profitez d\\&#8217;un confort d\\&#8217;assise optimal. De s\u00e9rie, l\\&#8217;Alcona est \u00e9quip\u00e9e de mousse supr\u00eame, mais pour une exp\u00e9rience encore plus luxueuse, vous pouvez opter pour des ressorts ensach\u00e9s. Laissez-vous surprendre par les nombreuses autres versions que la s\u00e9rie Alcona a \u00e0 offrir !<\/p>\n","protected":false},"excerpt":{"rendered":"<p>Alcona, canap\u00e9 en U arrondi \u00e0 gauche &#8211; tissu Vada &#8211; beige &#8211; Ottomane g. &#8211; canap\u00e9 3 pl. &#8211; m\u00e9ridienne d., Confort d\u2019assise avec mousse HR Supreme, Design \u00e9pur\u00e9 et moderne<\/p>\n","protected":false},"featured_media":983987,"comment_status":"open","ping_status":"open","template":"","meta":{"_relevanssi_hide_post":"","_relevanssi_hide_content":"","_relevanssi_pin_for_all":"","_relevanssi_pin_keywords":"","_relevanssi_unpin_keywords":"","_relevanssi_related_keywords":"","_relevanssi_related_include_ids":"","_relevanssi_related_exclude_ids":"","_relevanssi_related_no_append":"","_relevanssi_related_not_related":"","_relevanssi_related_posts":"","_relevanssi_noindex_reason":""},"product_brand":[],"product_cat":[24213],"product_tag":[],"class_list":["post-901916","product","type-product","status-publish","has-post-thumbnail","product_cat-hoeksalon_fr_be-zetels_fr_BE","first","onbackorder","sale","taxable","shipping-taxable","purchasable","product-type-simple"],"_links":{"self":[{"href":"https:\/\/www.moensmeubelen.be\/fr\/wp-json\/wp\/v2\/product\/901916","targetHints":{"allow":["GET"]}}],"collection":[{"href":"https:\/\/www.moensmeubelen.be\/fr\/wp-json\/wp\/v2\/product"}],"about":[{"href":"https:\/\/www.moensmeubelen.be\/fr\/wp-json\/wp\/v2\/types\/product"}],"replies":[{"embeddable":true,"href":"https:\/\/www.moensmeubelen.be\/fr\/wp-json\/wp\/v2\/comments?post=901916"}],"wp:featuredmedia":[{"embeddable":true,"href":"https:\/\/www.moensmeubelen.be\/fr\/wp-json\/wp\/v2\/media\/983987"}],"wp:attachment":[{"href":"https:\/\/www.moensmeubelen.be\/fr\/wp-json\/wp\/v2\/media?parent=901916"}],"wp:term":[{"taxonomy":"product_brand","embeddable":true,"href":"https:\/\/www.moensmeubelen.be\/fr\/wp-json\/wp\/v2\/product_brand?post=901916"},{"taxonomy":"product_cat","embeddable":true,"href":"https:\/\/www.moensmeubelen.be\/fr\/wp-json\/wp\/v2\/product_cat?post=901916"},{"taxonomy":"product_tag","embeddable":true,"href":"https:\/\/www.moensmeubelen.be\/fr\/wp-json\/wp\/v2\/product_tag?post=901916"}],"curies":[{"name":"wp","href":"https:\/\/api.w.org\/{rel}","templated":true}]}}

Alcona, canapé en U arrondi à gauche &#8211; tissu Vada &#8211; beige

<p>Vous imaginez-vous déjà en train de vous détendre avec toute la famille sur cette méridienne incluant un canapé 3 places + ottomane à gauche ? Ce must-have de la série Alcona offre tout ce dont vous avez besoin : style, confort et fonctionnalité. Le design moderne avec ses formes rondes élégantes s\&#8217;intègre parfaitement dans tous les intérieurs. Ce canapé est recouvert de tissu Vada de couleur beige. Grâce à la suspension nosag, vous profitez d\&#8217;un confort d\&#8217;assise optimal. De série, l\&#8217;Alcona est équipée de mousse suprême, mais pour une expérience encore plus luxueuse, vous pouvez opter pour des ressorts ensachés. Laissez-vous surprendre par les nombreuses autres versions que la série Alcona a à offrir !</p>

<p>Alcona, canapé en U arrondi à gauche &#8211; tissu Vada &#8211; beige &#8211; Ottomane g. &#8211; canapé 3 pl. &#8211; méridienne d., Confort d’assise avec mousse HR Supreme, Design épuré et moderne</p>
