{"id":901976,"date":"2026-08-29T00:00:00","date_gmt":"2026-08-29T00:00:00","guid":{"rendered":"https:\/\/www.moensmeubelen.be\/product\/54303001-fr_be\/"},"modified":"2026-08-29T15:42:49","modified_gmt":"2026-08-29T13:42:49","slug":"54303001-fr_BE","status":"publish","type":"product","link":"https:\/\/www.moensmeubelen.be\/fr\/produit\/54303001-fr_BE\/","title":{"rendered":"Creazzo, Fauteuil &#8211; r\u00e9glable \u00e9lectriquement &#8211; 2 moteurs &#8211; pied design"},"content":{"rendered":"<p>Ce fauteuil CREAZZO associe design \u00e9pur\u00e9, formes arrondies et fonction relax \u00e9lectrique. Cette version repose de s\u00e9rie sur un pied design \u00e9lanc\u00e9 en m\u00e9tal. Celui-ci se prolonge partiellement le long de l\u2019accoudoir et renforce l\u2019effet \u00e9l\u00e9gant et a\u00e9rien du mod\u00e8le. L\u2019assise est \u00e9quip\u00e9e de ressorts Bonell et de dossiers fixes. Gr\u00e2ce aux 2 moteurs, vous r\u00e9glez l\u2019assise et l\u2019appui-t\u00eate ind\u00e9pendamment. Le syst\u00e8me wall away permet d\u2019installer le fauteuil contre un mur. Vous choisissez le rev\u00eatement dans la collection Selected Choices.<\/p>\n","protected":false},"excerpt":{"rendered":"<p>Creazzo, Fauteuil &#8211; r\u00e9glable \u00e9lectriquement &#8211; 2 moteurs &#8211; pied design<\/p>\n","protected":false},"featured_media":1047825,"comment_status":"open","ping_status":"open","template":"","meta":{"_relevanssi_hide_post":"","_relevanssi_hide_content":"","_relevanssi_pin_for_all":"","_relevanssi_pin_keywords":"","_relevanssi_unpin_keywords":"","_relevanssi_related_keywords":"","_relevanssi_related_include_ids":"","_relevanssi_related_exclude_ids":"","_relevanssi_related_no_append":"","_relevanssi_related_not_related":"","_relevanssi_related_posts":"","_relevanssi_noindex_reason":""},"product_brand":[],"product_cat":[1374,1333],"product_tag":[],"class_list":["post-901976","product","type-product","status-publish","has-post-thumbnail","product_cat-zetels_fr_BE","product_cat-zitmeubels_sets_zitmeubels_fr_BE","first","onbackorder","taxable","shipping-taxable","purchasable","product-type-simple"],"_links":{"self":[{"href":"https:\/\/www.moensmeubelen.be\/fr\/wp-json\/wp\/v2\/product\/901976","targetHints":{"allow":["GET"]}}],"collection":[{"href":"https:\/\/www.moensmeubelen.be\/fr\/wp-json\/wp\/v2\/product"}],"about":[{"href":"https:\/\/www.moensmeubelen.be\/fr\/wp-json\/wp\/v2\/types\/product"}],"replies":[{"embeddable":true,"href":"https:\/\/www.moensmeubelen.be\/fr\/wp-json\/wp\/v2\/comments?post=901976"}],"wp:featuredmedia":[{"embeddable":true,"href":"https:\/\/www.moensmeubelen.be\/fr\/wp-json\/wp\/v2\/media\/1047825"}],"wp:attachment":[{"href":"https:\/\/www.moensmeubelen.be\/fr\/wp-json\/wp\/v2\/media?parent=901976"}],"wp:term":[{"taxonomy":"product_brand","embeddable":true,"href":"https:\/\/www.moensmeubelen.be\/fr\/wp-json\/wp\/v2\/product_brand?post=901976"},{"taxonomy":"product_cat","embeddable":true,"href":"https:\/\/www.moensmeubelen.be\/fr\/wp-json\/wp\/v2\/product_cat?post=901976"},{"taxonomy":"product_tag","embeddable":true,"href":"https:\/\/www.moensmeubelen.be\/fr\/wp-json\/wp\/v2\/product_tag?post=901976"}],"curies":[{"name":"wp","href":"https:\/\/api.w.org\/{rel}","templated":true}]}}

Creazzo, Fauteuil &#8211; réglable électriquement &#8211; 2 moteurs &#8211; pied design

<p>Ce fauteuil CREAZZO associe design épuré, formes arrondies et fonction relax électrique. Cette version repose de série sur un pied design élancé en métal. Celui-ci se prolonge partiellement le long de l’accoudoir et renforce l’effet élégant et aérien du modèle. L’assise est équipée de ressorts Bonell et de dossiers fixes. Grâce aux 2 moteurs, vous réglez l’assise et l’appui-tête indépendamment. Le système wall away permet d’installer le fauteuil contre un mur. Vous choisissez le revêtement dans la collection Selected Choices.</p>

<p>Creazzo, Fauteuil &#8211; réglable électriquement &#8211; 2 moteurs &#8211; pied design</p>
