{"id":901984,"date":"2026-06-28T00:00:00","date_gmt":"2026-06-28T00:00:00","guid":{"rendered":"https:\/\/www.moensmeubelen.be\/product\/54305001-fr_be\/"},"modified":"2026-06-28T23:26:14","modified_gmt":"2026-06-28T21:26:14","slug":"54305001-fr_BE","status":"publish","type":"product","link":"https:\/\/www.moensmeubelen.be\/fr\/produit\/54305001-fr_BE\/","title":{"rendered":"Creazzo, 2,5 places &#8211; pied design"},"content":{"rendered":"<p>Le canap\u00e9 2,5 places CREAZZO se distingue par ses formes arrondies et ses accoudoirs \u00e9lanc\u00e9s. Il est \u00e9quip\u00e9 de s\u00e9rie d\u2019un pied design en m\u00e9tal, qui se prolonge partiellement le long de l\u2019accoudoir et souligne les lignes du canap\u00e9. L\u2019assise int\u00e8gre des ressorts Bonell confortables et des dossiers fixes. Vous choisissez le rev\u00eatement dans la collection Selected Choices. Une fonction relax \u00e9lectrique est propos\u00e9e en option pour plus de confort.<\/p>\n","protected":false},"excerpt":{"rendered":"<p>Creazzo, 2,5 places &#8211; pied design<\/p>\n","protected":false},"featured_media":1009282,"comment_status":"open","ping_status":"open","template":"","meta":{"_relevanssi_hide_post":"","_relevanssi_hide_content":"","_relevanssi_pin_for_all":"","_relevanssi_pin_keywords":"","_relevanssi_unpin_keywords":"","_relevanssi_related_keywords":"","_relevanssi_related_include_ids":"","_relevanssi_related_exclude_ids":"","_relevanssi_related_no_append":"","_relevanssi_related_not_related":"","_relevanssi_related_posts":"","_relevanssi_noindex_reason":""},"product_brand":[],"product_cat":[5647],"product_tag":[],"class_list":["post-901984","product","type-product","status-publish","has-post-thumbnail","product_cat-zetels_l2_fr_BE","first","onbackorder","taxable","shipping-taxable","purchasable","product-type-simple"],"_links":{"self":[{"href":"https:\/\/www.moensmeubelen.be\/fr\/wp-json\/wp\/v2\/product\/901984","targetHints":{"allow":["GET"]}}],"collection":[{"href":"https:\/\/www.moensmeubelen.be\/fr\/wp-json\/wp\/v2\/product"}],"about":[{"href":"https:\/\/www.moensmeubelen.be\/fr\/wp-json\/wp\/v2\/types\/product"}],"replies":[{"embeddable":true,"href":"https:\/\/www.moensmeubelen.be\/fr\/wp-json\/wp\/v2\/comments?post=901984"}],"wp:featuredmedia":[{"embeddable":true,"href":"https:\/\/www.moensmeubelen.be\/fr\/wp-json\/wp\/v2\/media\/1009282"}],"wp:attachment":[{"href":"https:\/\/www.moensmeubelen.be\/fr\/wp-json\/wp\/v2\/media?parent=901984"}],"wp:term":[{"taxonomy":"product_brand","embeddable":true,"href":"https:\/\/www.moensmeubelen.be\/fr\/wp-json\/wp\/v2\/product_brand?post=901984"},{"taxonomy":"product_cat","embeddable":true,"href":"https:\/\/www.moensmeubelen.be\/fr\/wp-json\/wp\/v2\/product_cat?post=901984"},{"taxonomy":"product_tag","embeddable":true,"href":"https:\/\/www.moensmeubelen.be\/fr\/wp-json\/wp\/v2\/product_tag?post=901984"}],"curies":[{"name":"wp","href":"https:\/\/api.w.org\/{rel}","templated":true}]}}

<p>Le canapé 2,5 places CREAZZO se distingue par ses formes arrondies et ses accoudoirs élancés. Il est équipé de série d’un pied design en métal, qui se prolonge partiellement le long de l’accoudoir et souligne les lignes du canapé. L’assise intègre des ressorts Bonell confortables et des dossiers fixes. Vous choisissez le revêtement dans la collection Selected Choices. Une fonction relax électrique est proposée en option pour plus de confort.</p>
