{"id":901992,"date":"2026-08-29T00:00:00","date_gmt":"2026-08-29T00:00:00","guid":{"rendered":"https:\/\/www.moensmeubelen.be\/product\/54307001-fr_be\/"},"modified":"2026-08-29T15:42:56","modified_gmt":"2026-08-29T13:42:56","slug":"54307001-fr_BE","status":"publish","type":"product","link":"https:\/\/www.moensmeubelen.be\/fr\/produit\/54307001-fr_BE\/","title":{"rendered":"Creazzo, Fauteuil &#8211; pied design"},"content":{"rendered":"<p>Le fauteuil CREAZZO s\u00e9duit par son format compact et son design moderne aux formes arrondies et accoudoirs \u00e9lanc\u00e9s. Il repose de s\u00e9rie sur un pied design en m\u00e9tal, qui se prolonge partiellement le long de l\u2019accoudoir et renforce l\u2019\u00e9l\u00e9gance du mod\u00e8le. L\u2019assise est \u00e9quip\u00e9e de ressorts Bonell confortables et de dossiers fixes. Vous choisissez le rev\u00eatement dans la collection Selected Choices. Envie de plus de confort ? Optez pour la version avec fonction relax \u00e9lectrique.<\/p>\n","protected":false},"excerpt":{"rendered":"<p>Creazzo, Fauteuil &#8211; pied design<\/p>\n","protected":false},"featured_media":1047829,"comment_status":"open","ping_status":"open","template":"","meta":{"_relevanssi_hide_post":"","_relevanssi_hide_content":"","_relevanssi_pin_for_all":"","_relevanssi_pin_keywords":"","_relevanssi_unpin_keywords":"","_relevanssi_related_keywords":"","_relevanssi_related_include_ids":"","_relevanssi_related_exclude_ids":"","_relevanssi_related_no_append":"","_relevanssi_related_not_related":"","_relevanssi_related_posts":"","_relevanssi_noindex_reason":""},"product_brand":[],"product_cat":[1374,1333],"product_tag":[],"class_list":["post-901992","product","type-product","status-publish","has-post-thumbnail","product_cat-zetels_fr_BE","product_cat-zitmeubels_sets_zitmeubels_fr_BE","first","onbackorder","taxable","shipping-taxable","purchasable","product-type-simple"],"_links":{"self":[{"href":"https:\/\/www.moensmeubelen.be\/fr\/wp-json\/wp\/v2\/product\/901992","targetHints":{"allow":["GET"]}}],"collection":[{"href":"https:\/\/www.moensmeubelen.be\/fr\/wp-json\/wp\/v2\/product"}],"about":[{"href":"https:\/\/www.moensmeubelen.be\/fr\/wp-json\/wp\/v2\/types\/product"}],"replies":[{"embeddable":true,"href":"https:\/\/www.moensmeubelen.be\/fr\/wp-json\/wp\/v2\/comments?post=901992"}],"wp:featuredmedia":[{"embeddable":true,"href":"https:\/\/www.moensmeubelen.be\/fr\/wp-json\/wp\/v2\/media\/1047829"}],"wp:attachment":[{"href":"https:\/\/www.moensmeubelen.be\/fr\/wp-json\/wp\/v2\/media?parent=901992"}],"wp:term":[{"taxonomy":"product_brand","embeddable":true,"href":"https:\/\/www.moensmeubelen.be\/fr\/wp-json\/wp\/v2\/product_brand?post=901992"},{"taxonomy":"product_cat","embeddable":true,"href":"https:\/\/www.moensmeubelen.be\/fr\/wp-json\/wp\/v2\/product_cat?post=901992"},{"taxonomy":"product_tag","embeddable":true,"href":"https:\/\/www.moensmeubelen.be\/fr\/wp-json\/wp\/v2\/product_tag?post=901992"}],"curies":[{"name":"wp","href":"https:\/\/api.w.org\/{rel}","templated":true}]}}

<p>Le fauteuil CREAZZO séduit par son format compact et son design moderne aux formes arrondies et accoudoirs élancés. Il repose de série sur un pied design en métal, qui se prolonge partiellement le long de l’accoudoir et renforce l’élégance du modèle. L’assise est équipée de ressorts Bonell confortables et de dossiers fixes. Vous choisissez le revêtement dans la collection Selected Choices. Envie de plus de confort ? Optez pour la version avec fonction relax électrique.</p>
