{"id":902000,"date":"2026-06-28T00:00:00","date_gmt":"2026-06-28T00:00:00","guid":{"rendered":"https:\/\/www.moensmeubelen.be\/product\/54351001-fr_be\/"},"modified":"2026-06-28T23:26:57","modified_gmt":"2026-06-28T21:26:57","slug":"54351001-fr_BE","status":"publish","type":"product","link":"https:\/\/www.moensmeubelen.be\/fr\/produit\/54351001-fr_BE\/","title":{"rendered":"Creazzo, 2,5 places &#8211; r\u00e9glable \u00e9lectriquement &#8211; 4 moteurs"},"content":{"rendered":"<p>Le canap\u00e9 2,5 places CREAZZO associe formes douces et confort r\u00e9glable \u00e9lectriquement. Il est \u00e9quip\u00e9 de ressorts Bonell et de dossiers fixes. La fonction relax \u00e9lectrique, avec 2 moteurs par place, permet un r\u00e9glage ind\u00e9pendant de l\u2019assise et de l\u2019appui-t\u00eate. Gr\u00e2ce au syst\u00e8me wall away, le canap\u00e9 peut \u00eatre plac\u00e9 contre un mur. Vous choisissez le rev\u00eatement dans la collection Selected Choices.<\/p>\n","protected":false},"excerpt":{"rendered":"<p>Creazzo, 2,5 places &#8211; r\u00e9glable \u00e9lectriquement &#8211; 4 moteurs<\/p>\n","protected":false},"featured_media":1009306,"comment_status":"open","ping_status":"open","template":"","meta":{"_relevanssi_hide_post":"","_relevanssi_hide_content":"","_relevanssi_pin_for_all":"","_relevanssi_pin_keywords":"","_relevanssi_unpin_keywords":"","_relevanssi_related_keywords":"","_relevanssi_related_include_ids":"","_relevanssi_related_exclude_ids":"","_relevanssi_related_no_append":"","_relevanssi_related_not_related":"","_relevanssi_related_posts":"","_relevanssi_noindex_reason":""},"product_brand":[],"product_cat":[5647],"product_tag":[],"class_list":["post-902000","product","type-product","status-publish","has-post-thumbnail","product_cat-zetels_l2_fr_BE","first","onbackorder","taxable","shipping-taxable","purchasable","product-type-simple"],"_links":{"self":[{"href":"https:\/\/www.moensmeubelen.be\/fr\/wp-json\/wp\/v2\/product\/902000","targetHints":{"allow":["GET"]}}],"collection":[{"href":"https:\/\/www.moensmeubelen.be\/fr\/wp-json\/wp\/v2\/product"}],"about":[{"href":"https:\/\/www.moensmeubelen.be\/fr\/wp-json\/wp\/v2\/types\/product"}],"replies":[{"embeddable":true,"href":"https:\/\/www.moensmeubelen.be\/fr\/wp-json\/wp\/v2\/comments?post=902000"}],"wp:featuredmedia":[{"embeddable":true,"href":"https:\/\/www.moensmeubelen.be\/fr\/wp-json\/wp\/v2\/media\/1009306"}],"wp:attachment":[{"href":"https:\/\/www.moensmeubelen.be\/fr\/wp-json\/wp\/v2\/media?parent=902000"}],"wp:term":[{"taxonomy":"product_brand","embeddable":true,"href":"https:\/\/www.moensmeubelen.be\/fr\/wp-json\/wp\/v2\/product_brand?post=902000"},{"taxonomy":"product_cat","embeddable":true,"href":"https:\/\/www.moensmeubelen.be\/fr\/wp-json\/wp\/v2\/product_cat?post=902000"},{"taxonomy":"product_tag","embeddable":true,"href":"https:\/\/www.moensmeubelen.be\/fr\/wp-json\/wp\/v2\/product_tag?post=902000"}],"curies":[{"name":"wp","href":"https:\/\/api.w.org\/{rel}","templated":true}]}}

Creazzo, 2,5 places &#8211; réglable électriquement &#8211; 4 moteurs

<p>Le canapé 2,5 places CREAZZO associe formes douces et confort réglable électriquement. Il est équipé de ressorts Bonell et de dossiers fixes. La fonction relax électrique, avec 2 moteurs par place, permet un réglage indépendant de l’assise et de l’appui-tête. Grâce au système wall away, le canapé peut être placé contre un mur. Vous choisissez le revêtement dans la collection Selected Choices.</p>

<p>Creazzo, 2,5 places &#8211; réglable électriquement &#8211; 4 moteurs</p>
