{"id":902004,"date":"2026-06-28T00:00:00","date_gmt":"2026-06-28T00:00:00","guid":{"rendered":"https:\/\/www.moensmeubelen.be\/product\/54352001-fr_be\/"},"modified":"2026-06-28T23:27:05","modified_gmt":"2026-06-28T21:27:05","slug":"54352001-fr_BE","status":"publish","type":"product","link":"https:\/\/www.moensmeubelen.be\/fr\/produit\/54352001-fr_BE\/","title":{"rendered":"Creazzo, 2 places &#8211; r\u00e9glable \u00e9lectriquement &#8211; 4 moteurs"},"content":{"rendered":"<p>Le canap\u00e9 2 places CREAZZO s\u00e9duit par son format compact et sa fonction relax \u00e9lectrique int\u00e9gr\u00e9e. L\u2019assise est dot\u00e9e de ressorts Bonell confortables et de dossiers fixes. Avec 2 moteurs par place, vous r\u00e9glez s\u00e9par\u00e9ment l\u2019assise et l\u2019appui-t\u00eate. Le syst\u00e8me wall away permet une installation pr\u00e8s du mur. Composez votre mod\u00e8le dans un tissu et coloris de la collection Selected Choices.<\/p>\n","protected":false},"excerpt":{"rendered":"<p>Creazzo, 2 places &#8211; r\u00e9glable \u00e9lectriquement &#8211; 4 moteurs<\/p>\n","protected":false},"featured_media":1009310,"comment_status":"open","ping_status":"open","template":"","meta":{"_relevanssi_hide_post":"","_relevanssi_hide_content":"","_relevanssi_pin_for_all":"","_relevanssi_pin_keywords":"","_relevanssi_unpin_keywords":"","_relevanssi_related_keywords":"","_relevanssi_related_include_ids":"","_relevanssi_related_exclude_ids":"","_relevanssi_related_no_append":"","_relevanssi_related_not_related":"","_relevanssi_related_posts":"","_relevanssi_noindex_reason":""},"product_brand":[],"product_cat":[5647],"product_tag":[],"class_list":["post-902004","product","type-product","status-publish","has-post-thumbnail","product_cat-zetels_l2_fr_BE","first","onbackorder","taxable","shipping-taxable","purchasable","product-type-simple"],"_links":{"self":[{"href":"https:\/\/www.moensmeubelen.be\/fr\/wp-json\/wp\/v2\/product\/902004","targetHints":{"allow":["GET"]}}],"collection":[{"href":"https:\/\/www.moensmeubelen.be\/fr\/wp-json\/wp\/v2\/product"}],"about":[{"href":"https:\/\/www.moensmeubelen.be\/fr\/wp-json\/wp\/v2\/types\/product"}],"replies":[{"embeddable":true,"href":"https:\/\/www.moensmeubelen.be\/fr\/wp-json\/wp\/v2\/comments?post=902004"}],"wp:featuredmedia":[{"embeddable":true,"href":"https:\/\/www.moensmeubelen.be\/fr\/wp-json\/wp\/v2\/media\/1009310"}],"wp:attachment":[{"href":"https:\/\/www.moensmeubelen.be\/fr\/wp-json\/wp\/v2\/media?parent=902004"}],"wp:term":[{"taxonomy":"product_brand","embeddable":true,"href":"https:\/\/www.moensmeubelen.be\/fr\/wp-json\/wp\/v2\/product_brand?post=902004"},{"taxonomy":"product_cat","embeddable":true,"href":"https:\/\/www.moensmeubelen.be\/fr\/wp-json\/wp\/v2\/product_cat?post=902004"},{"taxonomy":"product_tag","embeddable":true,"href":"https:\/\/www.moensmeubelen.be\/fr\/wp-json\/wp\/v2\/product_tag?post=902004"}],"curies":[{"name":"wp","href":"https:\/\/api.w.org\/{rel}","templated":true}]}}

Creazzo, 2 places &#8211; réglable électriquement &#8211; 4 moteurs

<p>Le canapé 2 places CREAZZO séduit par son format compact et sa fonction relax électrique intégrée. L’assise est dotée de ressorts Bonell confortables et de dossiers fixes. Avec 2 moteurs par place, vous réglez séparément l’assise et l’appui-tête. Le système wall away permet une installation près du mur. Composez votre modèle dans un tissu et coloris de la collection Selected Choices.</p>

<p>Creazzo, 2 places &#8211; réglable électriquement &#8211; 4 moteurs</p>
