{"id":902016,"date":"2026-06-28T00:00:00","date_gmt":"2026-06-28T00:00:00","guid":{"rendered":"https:\/\/www.moensmeubelen.be\/product\/54355001-fr_be\/"},"modified":"2026-06-28T23:27:27","modified_gmt":"2026-06-28T21:27:27","slug":"54355001-fr_BE","status":"publish","type":"product","link":"https:\/\/www.moensmeubelen.be\/fr\/produit\/54355001-fr_BE\/","title":{"rendered":"Creazzo, 2,5 places"},"content":{"rendered":"<p>Le canap\u00e9 2,5 places CREAZZO pr\u00e9sente un format \u00e9quilibr\u00e9 et des formes arrondies associ\u00e9es \u00e0 des accoudoirs fins. Ses lignes douces cr\u00e9ent une atmosph\u00e8re apaisante. Il est \u00e9quip\u00e9 de ressorts Bonell confortables et de dossiers fixes. Vous choisissez tissu et coloris dans la collection Selected Choices. Une fonction relax \u00e9lectrique est propos\u00e9e en option pour plus de confort.<\/p>\n","protected":false},"excerpt":{"rendered":"<p>Creazzo, 2,5 places<\/p>\n","protected":false},"featured_media":1009322,"comment_status":"open","ping_status":"open","template":"","meta":{"_relevanssi_hide_post":"","_relevanssi_hide_content":"","_relevanssi_pin_for_all":"","_relevanssi_pin_keywords":"","_relevanssi_unpin_keywords":"","_relevanssi_related_keywords":"","_relevanssi_related_include_ids":"","_relevanssi_related_exclude_ids":"","_relevanssi_related_no_append":"","_relevanssi_related_not_related":"","_relevanssi_related_posts":"","_relevanssi_noindex_reason":""},"product_brand":[],"product_cat":[5647],"product_tag":[],"class_list":["post-902016","product","type-product","status-publish","has-post-thumbnail","product_cat-zetels_l2_fr_BE","first","onbackorder","taxable","shipping-taxable","purchasable","product-type-simple"],"_links":{"self":[{"href":"https:\/\/www.moensmeubelen.be\/fr\/wp-json\/wp\/v2\/product\/902016","targetHints":{"allow":["GET"]}}],"collection":[{"href":"https:\/\/www.moensmeubelen.be\/fr\/wp-json\/wp\/v2\/product"}],"about":[{"href":"https:\/\/www.moensmeubelen.be\/fr\/wp-json\/wp\/v2\/types\/product"}],"replies":[{"embeddable":true,"href":"https:\/\/www.moensmeubelen.be\/fr\/wp-json\/wp\/v2\/comments?post=902016"}],"wp:featuredmedia":[{"embeddable":true,"href":"https:\/\/www.moensmeubelen.be\/fr\/wp-json\/wp\/v2\/media\/1009322"}],"wp:attachment":[{"href":"https:\/\/www.moensmeubelen.be\/fr\/wp-json\/wp\/v2\/media?parent=902016"}],"wp:term":[{"taxonomy":"product_brand","embeddable":true,"href":"https:\/\/www.moensmeubelen.be\/fr\/wp-json\/wp\/v2\/product_brand?post=902016"},{"taxonomy":"product_cat","embeddable":true,"href":"https:\/\/www.moensmeubelen.be\/fr\/wp-json\/wp\/v2\/product_cat?post=902016"},{"taxonomy":"product_tag","embeddable":true,"href":"https:\/\/www.moensmeubelen.be\/fr\/wp-json\/wp\/v2\/product_tag?post=902016"}],"curies":[{"name":"wp","href":"https:\/\/api.w.org\/{rel}","templated":true}]}}

<p>Le canapé 2,5 places CREAZZO présente un format équilibré et des formes arrondies associées à des accoudoirs fins. Ses lignes douces créent une atmosphère apaisante. Il est équipé de ressorts Bonell confortables et de dossiers fixes. Vous choisissez tissu et coloris dans la collection Selected Choices. Une fonction relax électrique est proposée en option pour plus de confort.</p>
