{"id":918680,"date":"2026-04-16T00:00:00","date_gmt":"2026-04-16T00:00:00","guid":{"rendered":"https:\/\/www.moensmeubelen.be\/product\/tad3229-fr_be\/"},"modified":"2026-04-16T14:04:32","modified_gmt":"2026-04-16T12:04:32","slug":"TAD3229-fr_BE","status":"publish","type":"product","link":"https:\/\/www.moensmeubelen.be\/fr\/produit\/TAD3229-fr_BE\/","title":{"rendered":"Dressoir met opzetkast Jura"},"content":{"rendered":"<p>D\u00e9couvrez notre programme de salle \u00e0 manger Jura, fabriqu\u00e9 en Belgique en ch\u00eane massif. Le bois est bross\u00e9 pour mettre en valeur le grain. Ce buffet avec surmeuble comporte deux grandes portes en bois et une petite porte en bois en bas, ainsi qu\\&#8217;un tiroir. En haut, il y a deux grandes portes en bois et une porte vitr\u00e9e au centre, avec \u00e9clairage inclus.<\/p>\n","protected":false},"excerpt":{"rendered":"<p>D\u00e9couvrez notre programme de salle \u00e0 manger Jura, fabriqu\u00e9 en Belgique en ch\u00eane massif. Le bois est bross\u00e9 pour mettre en valeur le grain. Ce buffet avec surmeuble comporte deux grandes portes en bois et une petite porte en bois en bas, ainsi qu\\&#8217;un tiroir. En haut, il y a deux grandes portes en bois et une porte vitr\u00e9e au centre, avec \u00e9clairage inclus.<\/p>\n","protected":false},"featured_media":943012,"comment_status":"open","ping_status":"open","template":"","meta":{"_relevanssi_hide_post":"","_relevanssi_hide_content":"","_relevanssi_pin_for_all":"","_relevanssi_pin_keywords":"","_relevanssi_unpin_keywords":"","_relevanssi_related_keywords":"","_relevanssi_related_include_ids":"","_relevanssi_related_exclude_ids":"","_relevanssi_related_no_append":"","_relevanssi_related_not_related":"","_relevanssi_related_posts":"","_relevanssi_noindex_reason":""},"product_brand":[],"product_cat":[1378],"product_tag":[],"class_list":["post-918680","product","type-product","status-publish","has-post-thumbnail","product_cat-vitrinekasten_fr_BE","first","instock","taxable","shipping-taxable","purchasable","product-type-simple"],"_links":{"self":[{"href":"https:\/\/www.moensmeubelen.be\/fr\/wp-json\/wp\/v2\/product\/918680","targetHints":{"allow":["GET"]}}],"collection":[{"href":"https:\/\/www.moensmeubelen.be\/fr\/wp-json\/wp\/v2\/product"}],"about":[{"href":"https:\/\/www.moensmeubelen.be\/fr\/wp-json\/wp\/v2\/types\/product"}],"replies":[{"embeddable":true,"href":"https:\/\/www.moensmeubelen.be\/fr\/wp-json\/wp\/v2\/comments?post=918680"}],"wp:featuredmedia":[{"embeddable":true,"href":"https:\/\/www.moensmeubelen.be\/fr\/wp-json\/wp\/v2\/media\/943012"}],"wp:attachment":[{"href":"https:\/\/www.moensmeubelen.be\/fr\/wp-json\/wp\/v2\/media?parent=918680"}],"wp:term":[{"taxonomy":"product_brand","embeddable":true,"href":"https:\/\/www.moensmeubelen.be\/fr\/wp-json\/wp\/v2\/product_brand?post=918680"},{"taxonomy":"product_cat","embeddable":true,"href":"https:\/\/www.moensmeubelen.be\/fr\/wp-json\/wp\/v2\/product_cat?post=918680"},{"taxonomy":"product_tag","embeddable":true,"href":"https:\/\/www.moensmeubelen.be\/fr\/wp-json\/wp\/v2\/product_tag?post=918680"}],"curies":[{"name":"wp","href":"https:\/\/api.w.org\/{rel}","templated":true}]}}

<p>Découvrez notre programme de salle à manger Jura, fabriqué en Belgique en chêne massif. Le bois est brossé pour mettre en valeur le grain. Ce buffet avec surmeuble comporte deux grandes portes en bois et une petite porte en bois en bas, ainsi qu\&#8217;un tiroir. En haut, il y a deux grandes portes en bois et une porte vitrée au centre, avec éclairage inclus.</p>
