{"id":934199,"date":"2026-06-28T00:00:00","date_gmt":"2026-06-28T00:00:00","guid":{"rendered":"https:\/\/www.moensmeubelen.be\/product\/54000001-fr_be\/"},"modified":"2026-06-28T23:23:38","modified_gmt":"2026-06-28T21:23:38","slug":"54000001-fr_BE","status":"publish","type":"product","link":"https:\/\/www.moensmeubelen.be\/fr\/produit\/54000001-fr_BE\/","title":{"rendered":"Belem, 2-places &#8211; bas"},"content":{"rendered":"<p>Ce canap\u00e9 2 places BELEM avec dossier bas est un meuble \u00e0 l\\&#8217;expression subtile dans votre int\u00e9rieur. Avec ses formes rondes et ses lignes \u00e9l\u00e9gantes, ce canap\u00e9 compact respire la classe \u00e0 l\\&#8217;\u00e9tat pur. Le dossier bas donne une impression d\\&#8217;ouverture, parfait pour une configuration a\u00e9rienne ou une place centrale dans la pi\u00e8ce. De plus, BELEM est \u00e9quip\u00e9 de s\u00e9rie de mousse supr\u00eame de qualit\u00e9 sup\u00e9rieure mais peut \u00eatre dot\u00e9 de ressorts ensach\u00e9s ultra confortables. Le large choix de tissus et de couleurs vous permet de cr\u00e9er vous-m\u00eame facilement le style qui vous pla\u00eet. Que vous optiez pour le chic discret ou un design remarquable, BELEM trouve facilement sa place dans votre int\u00e9rieur.<\/p>\n","protected":false},"excerpt":{"rendered":"<p>Belem, 2-places &#8211; bas<\/p>\n","protected":false},"featured_media":1009168,"comment_status":"open","ping_status":"open","template":"","meta":{"_relevanssi_hide_post":"","_relevanssi_hide_content":"","_relevanssi_pin_for_all":"","_relevanssi_pin_keywords":"","_relevanssi_unpin_keywords":"","_relevanssi_related_keywords":"","_relevanssi_related_include_ids":"","_relevanssi_related_exclude_ids":"","_relevanssi_related_no_append":"","_relevanssi_related_not_related":"","_relevanssi_related_posts":"","_relevanssi_noindex_reason":""},"product_brand":[],"product_cat":[5647],"product_tag":[],"class_list":["post-934199","product","type-product","status-publish","has-post-thumbnail","product_cat-zetels_l2_fr_BE","first","instock","sale","taxable","shipping-taxable","purchasable","product-type-simple"],"_links":{"self":[{"href":"https:\/\/www.moensmeubelen.be\/fr\/wp-json\/wp\/v2\/product\/934199","targetHints":{"allow":["GET"]}}],"collection":[{"href":"https:\/\/www.moensmeubelen.be\/fr\/wp-json\/wp\/v2\/product"}],"about":[{"href":"https:\/\/www.moensmeubelen.be\/fr\/wp-json\/wp\/v2\/types\/product"}],"replies":[{"embeddable":true,"href":"https:\/\/www.moensmeubelen.be\/fr\/wp-json\/wp\/v2\/comments?post=934199"}],"wp:featuredmedia":[{"embeddable":true,"href":"https:\/\/www.moensmeubelen.be\/fr\/wp-json\/wp\/v2\/media\/1009168"}],"wp:attachment":[{"href":"https:\/\/www.moensmeubelen.be\/fr\/wp-json\/wp\/v2\/media?parent=934199"}],"wp:term":[{"taxonomy":"product_brand","embeddable":true,"href":"https:\/\/www.moensmeubelen.be\/fr\/wp-json\/wp\/v2\/product_brand?post=934199"},{"taxonomy":"product_cat","embeddable":true,"href":"https:\/\/www.moensmeubelen.be\/fr\/wp-json\/wp\/v2\/product_cat?post=934199"},{"taxonomy":"product_tag","embeddable":true,"href":"https:\/\/www.moensmeubelen.be\/fr\/wp-json\/wp\/v2\/product_tag?post=934199"}],"curies":[{"name":"wp","href":"https:\/\/api.w.org\/{rel}","templated":true}]}}

<p>Ce canapé 2 places BELEM avec dossier bas est un meuble à l\&#8217;expression subtile dans votre intérieur. Avec ses formes rondes et ses lignes élégantes, ce canapé compact respire la classe à l\&#8217;état pur. Le dossier bas donne une impression d\&#8217;ouverture, parfait pour une configuration aérienne ou une place centrale dans la pièce. De plus, BELEM est équipé de série de mousse suprême de qualité supérieure mais peut être doté de ressorts ensachés ultra confortables. Le large choix de tissus et de couleurs vous permet de créer vous-même facilement le style qui vous plaît. Que vous optiez pour le chic discret ou un design remarquable, BELEM trouve facilement sa place dans votre intérieur.</p>
