{"id":934206,"date":"2026-06-28T00:00:00","date_gmt":"2026-06-28T00:00:00","guid":{"rendered":"https:\/\/www.moensmeubelen.be\/product\/54001001-fr_be\/"},"modified":"2026-06-28T23:23:45","modified_gmt":"2026-06-28T21:23:45","slug":"54001001-fr_BE","status":"publish","type":"product","link":"https:\/\/www.moensmeubelen.be\/fr\/produit\/54001001-fr_BE\/","title":{"rendered":"Belem, 2.5-places &#8211; bas"},"content":{"rendered":"<p>Juste un peu plus grand que son petit fr\u00e8re, mais toujours aussi \u00e9l\u00e9gant\u00a0: ce 2,5 places BELEM avec dossier bas est parfait pour avoir un peu plus d\\&#8217;espace d\\&#8217;assise sans faire l\\&#8217;impasse sur le style. Les douces courbes et les lignes fluides conf\u00e8rent une apparence l\u00e9g\u00e8re et moderne \u00e0 ce canap\u00e9. Optez pour la mousse supr\u00eame de s\u00e9rie ou augmentez le confort avec les ressorts ensach\u00e9s pour un sensation de d\u00e9tente luxueuse. Le dossier bas cr\u00e9e un effet spacieux, id\u00e9al pour les pi\u00e8ces ouvertes. BELEM existe en plusieurs couleurs et tissus, c\\&#8217;est donc \u00e0 vous de d\u00e9cider de l\\&#8217;ambiance de votre pi\u00e8ce.<\/p>\n","protected":false},"excerpt":{"rendered":"<p>Belem, 2.5-places &#8211; bas<\/p>\n","protected":false},"featured_media":1009174,"comment_status":"open","ping_status":"open","template":"","meta":{"_relevanssi_hide_post":"","_relevanssi_hide_content":"","_relevanssi_pin_for_all":"","_relevanssi_pin_keywords":"","_relevanssi_unpin_keywords":"","_relevanssi_related_keywords":"","_relevanssi_related_include_ids":"","_relevanssi_related_exclude_ids":"","_relevanssi_related_no_append":"","_relevanssi_related_not_related":"","_relevanssi_related_posts":"","_relevanssi_noindex_reason":""},"product_brand":[],"product_cat":[5647],"product_tag":[],"class_list":["post-934206","product","type-product","status-publish","has-post-thumbnail","product_cat-zetels_l2_fr_BE","first","instock","sale","taxable","shipping-taxable","purchasable","product-type-simple"],"_links":{"self":[{"href":"https:\/\/www.moensmeubelen.be\/fr\/wp-json\/wp\/v2\/product\/934206","targetHints":{"allow":["GET"]}}],"collection":[{"href":"https:\/\/www.moensmeubelen.be\/fr\/wp-json\/wp\/v2\/product"}],"about":[{"href":"https:\/\/www.moensmeubelen.be\/fr\/wp-json\/wp\/v2\/types\/product"}],"replies":[{"embeddable":true,"href":"https:\/\/www.moensmeubelen.be\/fr\/wp-json\/wp\/v2\/comments?post=934206"}],"wp:featuredmedia":[{"embeddable":true,"href":"https:\/\/www.moensmeubelen.be\/fr\/wp-json\/wp\/v2\/media\/1009174"}],"wp:attachment":[{"href":"https:\/\/www.moensmeubelen.be\/fr\/wp-json\/wp\/v2\/media?parent=934206"}],"wp:term":[{"taxonomy":"product_brand","embeddable":true,"href":"https:\/\/www.moensmeubelen.be\/fr\/wp-json\/wp\/v2\/product_brand?post=934206"},{"taxonomy":"product_cat","embeddable":true,"href":"https:\/\/www.moensmeubelen.be\/fr\/wp-json\/wp\/v2\/product_cat?post=934206"},{"taxonomy":"product_tag","embeddable":true,"href":"https:\/\/www.moensmeubelen.be\/fr\/wp-json\/wp\/v2\/product_tag?post=934206"}],"curies":[{"name":"wp","href":"https:\/\/api.w.org\/{rel}","templated":true}]}}

<p>Juste un peu plus grand que son petit frère, mais toujours aussi élégant : ce 2,5 places BELEM avec dossier bas est parfait pour avoir un peu plus d\&#8217;espace d\&#8217;assise sans faire l\&#8217;impasse sur le style. Les douces courbes et les lignes fluides confèrent une apparence légère et moderne à ce canapé. Optez pour la mousse suprême de série ou augmentez le confort avec les ressorts ensachés pour un sensation de détente luxueuse. Le dossier bas crée un effet spacieux, idéal pour les pièces ouvertes. BELEM existe en plusieurs couleurs et tissus, c\&#8217;est donc à vous de décider de l\&#8217;ambiance de votre pièce.</p>
