{"id":934259,"date":"2026-06-28T00:00:00","date_gmt":"2026-06-28T00:00:00","guid":{"rendered":"https:\/\/www.moensmeubelen.be\/product\/54052001-fr_be\/"},"modified":"2026-06-28T23:24:50","modified_gmt":"2026-06-28T21:24:50","slug":"54052001-fr_BE","status":"publish","type":"product","link":"https:\/\/www.moensmeubelen.be\/fr\/produit\/54052001-fr_BE\/","title":{"rendered":"Belem, 3-places &#8211; haut"},"content":{"rendered":"<p>Ce 3 places BELEM avec dossier haut est le mod\u00e8le du confort contemporain. Le dossier haut offre un maintien optimal, id\u00e9al pour les longues soir\u00e9es devant un film ou en compagnie d\\&#8217;un bon livre. Les formes arrondies conf\u00e8rent un look doux et accueillant \u00e0 ce canap\u00e9. vous d\u00e9cidez vous-m\u00eame du rev\u00eatement parmi une large gamme de tissus et de couleurs. De s\u00e9rie, il est rembourr\u00e9 avec de la mousse supr\u00eame et avec des ressorts ensach\u00e9s en option pour encore plus de douceur.<\/p>\n","protected":false},"excerpt":{"rendered":"<p>Belem, 3-places &#8211; haut<\/p>\n","protected":false},"featured_media":1009222,"comment_status":"open","ping_status":"open","template":"","meta":{"_relevanssi_hide_post":"","_relevanssi_hide_content":"","_relevanssi_pin_for_all":"","_relevanssi_pin_keywords":"","_relevanssi_unpin_keywords":"","_relevanssi_related_keywords":"","_relevanssi_related_include_ids":"","_relevanssi_related_exclude_ids":"","_relevanssi_related_no_append":"","_relevanssi_related_not_related":"","_relevanssi_related_posts":"","_relevanssi_noindex_reason":""},"product_brand":[],"product_cat":[5647],"product_tag":[],"class_list":["post-934259","product","type-product","status-publish","has-post-thumbnail","product_cat-zetels_l2_fr_BE","first","instock","sale","taxable","shipping-taxable","purchasable","product-type-simple"],"_links":{"self":[{"href":"https:\/\/www.moensmeubelen.be\/fr\/wp-json\/wp\/v2\/product\/934259","targetHints":{"allow":["GET"]}}],"collection":[{"href":"https:\/\/www.moensmeubelen.be\/fr\/wp-json\/wp\/v2\/product"}],"about":[{"href":"https:\/\/www.moensmeubelen.be\/fr\/wp-json\/wp\/v2\/types\/product"}],"replies":[{"embeddable":true,"href":"https:\/\/www.moensmeubelen.be\/fr\/wp-json\/wp\/v2\/comments?post=934259"}],"wp:featuredmedia":[{"embeddable":true,"href":"https:\/\/www.moensmeubelen.be\/fr\/wp-json\/wp\/v2\/media\/1009222"}],"wp:attachment":[{"href":"https:\/\/www.moensmeubelen.be\/fr\/wp-json\/wp\/v2\/media?parent=934259"}],"wp:term":[{"taxonomy":"product_brand","embeddable":true,"href":"https:\/\/www.moensmeubelen.be\/fr\/wp-json\/wp\/v2\/product_brand?post=934259"},{"taxonomy":"product_cat","embeddable":true,"href":"https:\/\/www.moensmeubelen.be\/fr\/wp-json\/wp\/v2\/product_cat?post=934259"},{"taxonomy":"product_tag","embeddable":true,"href":"https:\/\/www.moensmeubelen.be\/fr\/wp-json\/wp\/v2\/product_tag?post=934259"}],"curies":[{"name":"wp","href":"https:\/\/api.w.org\/{rel}","templated":true}]}}

<p>Ce 3 places BELEM avec dossier haut est le modèle du confort contemporain. Le dossier haut offre un maintien optimal, idéal pour les longues soirées devant un film ou en compagnie d\&#8217;un bon livre. Les formes arrondies confèrent un look doux et accueillant à ce canapé. vous décidez vous-même du revêtement parmi une large gamme de tissus et de couleurs. De série, il est rembourré avec de la mousse suprême et avec des ressorts ensachés en option pour encore plus de douceur.</p>
