{"id":942886,"date":"2026-06-28T00:00:00","date_gmt":"2026-06-28T00:00:00","guid":{"rendered":"https:\/\/www.moensmeubelen.be\/product\/modulair-xncorner-sofa-twist-1-fr_be\/"},"modified":"2026-06-28T20:13:22","modified_gmt":"2026-06-28T18:13:22","slug":"modulair-XNcorner-sofa-twist-1-fr_BE","status":"publish","type":"product","link":"https:\/\/www.moensmeubelen.be\/fr\/produit\/modulair-XNcorner-sofa-twist-1-fr_BE\/","title":{"rendered":"TWIST &#8211; meridienne gauche &#8211; 2,5 places sans accoudoirs &#8211; ottomane droit"},"content":{"rendered":"<p>TWIST, ce 2,5 places sans accoudoirs offre la combinaison parfaite du confort et du style\u00a0! Avec son design cubique unique et ses formes rondes, ce canap\u00e9 apporte un vent de fra\u00eecheur dans votre s\u00e9jour. Les pieds modernes de couleur silk grey ou noire donnent une touche contemporaine. Le dossier haut permet une assise confortable et la profondeur d\\&#8217;assise compacte fait gagner de la place dans votre pi\u00e8ce. Choisissez parmi une large gamme de tissus. Comme le dos de ce TWIST est splendide, vous pouvez placer ce 2,5 places sans accoudoirs au milieu de votre s\u00e9jour ou l\\&#8217;utiliser comme s\u00e9parateur de pi\u00e8ce.<\/p>\n","protected":false},"excerpt":{"rendered":"<p>meridienne gauche &#8211; 2,5 places sans accoudoirs &#8211; ottomane droit<\/p>\n","protected":false},"featured_media":1000224,"comment_status":"open","ping_status":"open","template":"","meta":{"_relevanssi_hide_post":"","_relevanssi_hide_content":"","_relevanssi_pin_for_all":"","_relevanssi_pin_keywords":"","_relevanssi_unpin_keywords":"","_relevanssi_related_keywords":"","_relevanssi_related_include_ids":"","_relevanssi_related_exclude_ids":"","_relevanssi_related_no_append":"","_relevanssi_related_not_related":"","_relevanssi_related_posts":"","_relevanssi_noindex_reason":""},"product_brand":[],"product_cat":[24213],"product_tag":[],"class_list":["post-942886","product","type-product","status-publish","has-post-thumbnail","product_cat-hoeksalon_fr_be-zetels_fr_BE","first","instock","taxable","shipping-taxable","purchasable","product-type-simple"],"_links":{"self":[{"href":"https:\/\/www.moensmeubelen.be\/fr\/wp-json\/wp\/v2\/product\/942886","targetHints":{"allow":["GET"]}}],"collection":[{"href":"https:\/\/www.moensmeubelen.be\/fr\/wp-json\/wp\/v2\/product"}],"about":[{"href":"https:\/\/www.moensmeubelen.be\/fr\/wp-json\/wp\/v2\/types\/product"}],"replies":[{"embeddable":true,"href":"https:\/\/www.moensmeubelen.be\/fr\/wp-json\/wp\/v2\/comments?post=942886"}],"wp:featuredmedia":[{"embeddable":true,"href":"https:\/\/www.moensmeubelen.be\/fr\/wp-json\/wp\/v2\/media\/1000224"}],"wp:attachment":[{"href":"https:\/\/www.moensmeubelen.be\/fr\/wp-json\/wp\/v2\/media?parent=942886"}],"wp:term":[{"taxonomy":"product_brand","embeddable":true,"href":"https:\/\/www.moensmeubelen.be\/fr\/wp-json\/wp\/v2\/product_brand?post=942886"},{"taxonomy":"product_cat","embeddable":true,"href":"https:\/\/www.moensmeubelen.be\/fr\/wp-json\/wp\/v2\/product_cat?post=942886"},{"taxonomy":"product_tag","embeddable":true,"href":"https:\/\/www.moensmeubelen.be\/fr\/wp-json\/wp\/v2\/product_tag?post=942886"}],"curies":[{"name":"wp","href":"https:\/\/api.w.org\/{rel}","templated":true}]}}

<p>TWIST, ce 2,5 places sans accoudoirs offre la combinaison parfaite du confort et du style ! Avec son design cubique unique et ses formes rondes, ce canapé apporte un vent de fraîcheur dans votre séjour. Les pieds modernes de couleur silk grey ou noire donnent une touche contemporaine. Le dossier haut permet une assise confortable et la profondeur d\&#8217;assise compacte fait gagner de la place dans votre pièce. Choisissez parmi une large gamme de tissus. Comme le dos de ce TWIST est splendide, vous pouvez placer ce 2,5 places sans accoudoirs au milieu de votre séjour ou l\&#8217;utiliser comme séparateur de pièce.</p>
