{"id":957874,"date":"2026-06-28T00:00:00","date_gmt":"2026-06-28T00:00:00","guid":{"rendered":"https:\/\/www.moensmeubelen.be\/product\/57525bor-fr_be\/"},"modified":"2026-06-29T00:49:04","modified_gmt":"2026-06-28T22:49:04","slug":"57525BOR-fr_BE","status":"publish","type":"product","link":"https:\/\/www.moensmeubelen.be\/fr\/produit\/57525BOR-fr_BE\/","title":{"rendered":"DOTS vase h41cm &#8211; Ruby"},"content":{"rendered":"<p>Fais encore mieux parler tes fleurs avec ce vase DOTS remarquable. La combinaison de courbes douces, de structures en relief ludiques et d\u2019une finition brillante conf\u00e8re \u00e0 ce vase un caract\u00e8re artistique qui attire imm\u00e9diatement l\u2019attention. Avec une hauteur de 41 cm, c\u2019est une pi\u00e8ce id\u00e9ale en tant qu\\&#8217;\u00e9l\u00e9ment phare sur un buffet, une table d\u2019appoint ou un rebord de fen\u00eatre. Sa teinte bordeaux profonde apporte chaleur, luxe et ambiance \u00e0 ton int\u00e9rieur et se combine facilement avec des mat\u00e9riaux modernes ou naturels. Ce vase fait partie de la collection DOTS de COCOmaison, d\u00e9velopp\u00e9e en collaboration avec la trendwatcher Hilde Francq et est \u00e9galement disponible en vert olive et en jaune. Tous les articles de cette collection sont parfaitement mixable entre eux pour un ensemble harmonieux et \u00e9l\u00e9gant.<\/p>\n","protected":false},"excerpt":{"rendered":"<p>DOTS vase h41cm &#8211; Ruby<\/p>\n","protected":false},"featured_media":1013312,"comment_status":"open","ping_status":"open","template":"","meta":{"_relevanssi_hide_post":"","_relevanssi_hide_content":"","_relevanssi_pin_for_all":"","_relevanssi_pin_keywords":"","_relevanssi_unpin_keywords":"","_relevanssi_related_keywords":"","_relevanssi_related_include_ids":"","_relevanssi_related_exclude_ids":"","_relevanssi_related_no_append":"","_relevanssi_related_not_related":"","_relevanssi_related_posts":"","_relevanssi_noindex_reason":""},"product_brand":[],"product_cat":[1990],"product_tag":[],"class_list":["post-957874","product","type-product","status-publish","has-post-thumbnail","product_cat-vazen_fr_BE","first","instock","taxable","shipping-taxable","purchasable","product-type-simple"],"_links":{"self":[{"href":"https:\/\/www.moensmeubelen.be\/fr\/wp-json\/wp\/v2\/product\/957874","targetHints":{"allow":["GET"]}}],"collection":[{"href":"https:\/\/www.moensmeubelen.be\/fr\/wp-json\/wp\/v2\/product"}],"about":[{"href":"https:\/\/www.moensmeubelen.be\/fr\/wp-json\/wp\/v2\/types\/product"}],"replies":[{"embeddable":true,"href":"https:\/\/www.moensmeubelen.be\/fr\/wp-json\/wp\/v2\/comments?post=957874"}],"wp:featuredmedia":[{"embeddable":true,"href":"https:\/\/www.moensmeubelen.be\/fr\/wp-json\/wp\/v2\/media\/1013312"}],"wp:attachment":[{"href":"https:\/\/www.moensmeubelen.be\/fr\/wp-json\/wp\/v2\/media?parent=957874"}],"wp:term":[{"taxonomy":"product_brand","embeddable":true,"href":"https:\/\/www.moensmeubelen.be\/fr\/wp-json\/wp\/v2\/product_brand?post=957874"},{"taxonomy":"product_cat","embeddable":true,"href":"https:\/\/www.moensmeubelen.be\/fr\/wp-json\/wp\/v2\/product_cat?post=957874"},{"taxonomy":"product_tag","embeddable":true,"href":"https:\/\/www.moensmeubelen.be\/fr\/wp-json\/wp\/v2\/product_tag?post=957874"}],"curies":[{"name":"wp","href":"https:\/\/api.w.org\/{rel}","templated":true}]}}

<p>Fais encore mieux parler tes fleurs avec ce vase DOTS remarquable. La combinaison de courbes douces, de structures en relief ludiques et d’une finition brillante confère à ce vase un caractère artistique qui attire immédiatement l’attention. Avec une hauteur de 41 cm, c’est une pièce idéale en tant qu\&#8217;élément phare sur un buffet, une table d’appoint ou un rebord de fenêtre. Sa teinte bordeaux profonde apporte chaleur, luxe et ambiance à ton intérieur et se combine facilement avec des matériaux modernes ou naturels. Ce vase fait partie de la collection DOTS de COCOmaison, développée en collaboration avec la trendwatcher Hilde Francq et est également disponible en vert olive et en jaune. Tous les articles de cette collection sont parfaitement mixable entre eux pour un ensemble harmonieux et élégant.</p>
