{"id":957890,"date":"2026-06-28T00:00:00","date_gmt":"2026-06-28T00:00:00","guid":{"rendered":"https:\/\/www.moensmeubelen.be\/product\/57525oli-fr_be\/"},"modified":"2026-06-29T00:49:20","modified_gmt":"2026-06-28T22:49:20","slug":"57525OLI-fr_BE","status":"publish","type":"product","link":"https:\/\/www.moensmeubelen.be\/fr\/produit\/57525OLI-fr_BE\/","title":{"rendered":"DOTS vase h41cm &#8211; Olive"},"content":{"rendered":"<p>Fais encore mieux parler tes fleurs avec ce vase DOTS remarquable. La combinaison de courbes douces, de structures en relief ludiques et d\u2019une finition brillante lui donne un caract\u00e8re artistique unique. Avec ses 41 cm de hauteur, c\u2019est une pi\u00e8ce id\u00e9ale pour attirer l\u2019attention sur un buffet, une table d\u2019appoint ou un rebord de fen\u00eatre. Sa teinte vert olive riche apporte chaleur et profondeur \u00e0 ton int\u00e9rieur et se combine facilement avec des couleurs naturelles et des mat\u00e9riaux modernes. Ce vase fait partie de la collection DOTS de COCOmaison et est \u00e9galement disponible en bordeaux et en jaune. Tous les articles de cette collection sont parfaits \u00e0 mixer et assortir pour un ensemble harmonieux et \u00e9l\u00e9gant.<\/p>\n","protected":false},"excerpt":{"rendered":"<p>DOTS vase h41cm &#8211; Olive<\/p>\n","protected":false},"featured_media":1013324,"comment_status":"open","ping_status":"open","template":"","meta":{"_relevanssi_hide_post":"","_relevanssi_hide_content":"","_relevanssi_pin_for_all":"","_relevanssi_pin_keywords":"","_relevanssi_unpin_keywords":"","_relevanssi_related_keywords":"","_relevanssi_related_include_ids":"","_relevanssi_related_exclude_ids":"","_relevanssi_related_no_append":"","_relevanssi_related_not_related":"","_relevanssi_related_posts":"","_relevanssi_noindex_reason":""},"product_brand":[],"product_cat":[1990],"product_tag":[],"class_list":["post-957890","product","type-product","status-publish","has-post-thumbnail","product_cat-vazen_fr_BE","first","instock","taxable","shipping-taxable","purchasable","product-type-simple"],"_links":{"self":[{"href":"https:\/\/www.moensmeubelen.be\/fr\/wp-json\/wp\/v2\/product\/957890","targetHints":{"allow":["GET"]}}],"collection":[{"href":"https:\/\/www.moensmeubelen.be\/fr\/wp-json\/wp\/v2\/product"}],"about":[{"href":"https:\/\/www.moensmeubelen.be\/fr\/wp-json\/wp\/v2\/types\/product"}],"replies":[{"embeddable":true,"href":"https:\/\/www.moensmeubelen.be\/fr\/wp-json\/wp\/v2\/comments?post=957890"}],"wp:featuredmedia":[{"embeddable":true,"href":"https:\/\/www.moensmeubelen.be\/fr\/wp-json\/wp\/v2\/media\/1013324"}],"wp:attachment":[{"href":"https:\/\/www.moensmeubelen.be\/fr\/wp-json\/wp\/v2\/media?parent=957890"}],"wp:term":[{"taxonomy":"product_brand","embeddable":true,"href":"https:\/\/www.moensmeubelen.be\/fr\/wp-json\/wp\/v2\/product_brand?post=957890"},{"taxonomy":"product_cat","embeddable":true,"href":"https:\/\/www.moensmeubelen.be\/fr\/wp-json\/wp\/v2\/product_cat?post=957890"},{"taxonomy":"product_tag","embeddable":true,"href":"https:\/\/www.moensmeubelen.be\/fr\/wp-json\/wp\/v2\/product_tag?post=957890"}],"curies":[{"name":"wp","href":"https:\/\/api.w.org\/{rel}","templated":true}]}}

<p>Fais encore mieux parler tes fleurs avec ce vase DOTS remarquable. La combinaison de courbes douces, de structures en relief ludiques et d’une finition brillante lui donne un caractère artistique unique. Avec ses 41 cm de hauteur, c’est une pièce idéale pour attirer l’attention sur un buffet, une table d’appoint ou un rebord de fenêtre. Sa teinte vert olive riche apporte chaleur et profondeur à ton intérieur et se combine facilement avec des couleurs naturelles et des matériaux modernes. Ce vase fait partie de la collection DOTS de COCOmaison et est également disponible en bordeaux et en jaune. Tous les articles de cette collection sont parfaits à mixer et assortir pour un ensemble harmonieux et élégant.</p>
